4/6 - t**3/6 + 34*t**2. Calculate m(4).
-17
Let x(p) = 3 - 1 - 2*p - 2 + 5. Suppose 3*b + 0 = 12. Give x(b).
-3
Suppose -3*a + c + 4 = 0, 3*a + c + 0*c = 8. Let j(k) = -a - 1 + 2*k + 0*k. Calculate j(3).
3
Suppose 7 = i + v + v, -i + 4*v = 5. Let q(x) be the second derivative of 1/6*x**i + x + 0 + 1/2*x**2. Calculate q(3).
4
Let o(h) be the third derivative of h**4/6 - h**3/2 - 3*h**2. Let r = -1 + 0. Let n = r + 3. Give o(n).
5
Let i be (6 - (0 - -2)) + -8. Let s(x) = x + 4. Determine s(i).
0
Let f(a) = a**2 + 2*a - 8. Let m = -21 + 15. Determine f(m).
16
Suppose -4 = p + p. Let t(h) = -h + 1. Let k be t(p). Let w(n) = n**2 - 3*n + 3. Calculate w(k).
3
Let k(d) be the third derivative of -1/24*d**4 + 2*d**2 + 0*d + 5/6*d**3 + 0. Let a = 11 - 6. What is k(a)?
0
Let p(s) = s**3 - 10*s**2 - s + 9. Suppose -19 = 5*a - 69. Let r be p(a). Let f(y) = 2*y**3 + y**2. Determine f(r).
-1
Let s = 11 + -6. Let t = 8 - s. Suppose 2*c = t*c - 5. Let w(z) = -z**3 + 6*z**2 - 4*z - 2. Calculate w(c).
3
Let j = 2 + 0. Let b(y) = 4*y**2 + 2*y + 2. Let a(l) be the third derivative of 7*l**5/60 + l**4/8 + l**3/2 + 4*l**2. Let t(s) = -3*a(s) + 5*b(s). What is t(j)?
-1
Let n(w) = w**2 + 6*w + 9. Let k be n(-5). Let o(b) = b**3 - 3*b**2 - 5*b + 4. Determine o(k).
0
Let a(r) = -r**3 - 2*r**2 - 2*r - 2. Let y be a(-2). Suppose 0*u + 5*u = 3*l - 4, 3*u - 4*l - y = 0. Let s(q) = 6*q + 3. Give s(u).
-9
Suppose -4*g = -0*v + v + 16, 4*g + 4 = -4*v. Let y(l) = -l - 4. What is y(v)?
-8
Suppose 21 = -j - u, 4*j + 6*u + 85 = u. Let d be j/(-2)*(-4)/(-10). Let g(b) = 3*b + 1 - 7 - d*b. Calculate g(-5).
-1
Let b(p) = -p**3 - 4*p**2 - 3*p. Let k(l) = -l**3 + 9*l**2 - 6*l - 19. Let f be k(8). Give b(f).
0
Let y(u) = -9*u**2 + 4*u - 5. Let h(s) = -10*s**2 + 3*s - 4. Let l(z) = -4*h(z) + 3*y(z). Give l(1).
14
Let p(t) = t**3 + 6*t**2 + 4*t. Suppose 0 = -2*k - 4 + 2. Let b be (4 - 3)/(k/5). Let i be p(b). Let u(g) = g**2 - 7*g + 6. Calculate u(i).
-4
Let j(a) = 2*a**2 - 4*a. Let r be -3 + (3 + 0 - -4). What is j(r)?
16
Suppose -11 = 3*k + 1. Let q(w) = w**3 + 5*w**2 + 6*w + 1. Determine q(k).
-7
Let w = -9 - -15. Let i(x) be the third derivative of -x**6/120 + x**5/12 + x**4/4 - x**3/6 + 6*x**2. What is i(w)?
-1
Let x(a) = 5*a + 1. Let u(k) = 2*k - 3. Let o(i) = i**2 + 2. Let q be o(0). Let n = 0 + q. Let l be u(n). Calculate x(l).
6
Let d(h) = h + 6. Let q(u) = 1. Suppose 19 = -2*w + 3*t - 0*t, 0 = -w + 5*t - 27. Let g(o) = w*q(o) - d(o). Determine g(0).
-8
Let v(i) = i**2 - 7*i + 10. Let h(z) = z**3 - 5*z**2 - 6*z + 8. Let g be h(6). Give v(g).
18
Suppose 11*d - 2 = 9*d. Let h(g) be the first derivative of 3*g**4/4 + 2*g**3/3 - g + 2. Calculate h(d).
4
Let w(j) = 4*j**2 + 1 + 5*j**2 - 1 - 1. Suppose -4*m - 3*l + 4 - 12 = 0, -16 = 4*l. Calculate w(m).
8
Let d(z) = 3*z + 2. Suppose -7*t = -34 + 6. Calculate d(t).
14
Let r be (-1)/1 - -3 - 2. Let n(d) = 5 - 1 - 1 + d + r*d. What is n(-5)?
-2
Let f(h) be the second derivative of h**3/3 - 11*h**2/2 - 28*h. Calculate f(8).
5
Let a(b) = b - 1. Suppose -5 = 5*l, 0 = g - 5*g + 3*l + 15. Determine a(g).
2
Let g(k) = 2*k**2 + 7*k. Let i(x) = -2*x**2 - 7*x - 1. Let o(a) = -3*g(a) - 4*i(a). Determine o(-5).
19
Let t = -10 + 13. Suppose 0 = s - 5*f + 15, 0 = -4*s + t*f - 2*f - 22. Let u(c) be the second derivative of c**4/12 + 2*c**3/3 + c**2/2 + c. Give u(s).
6
Let r = 0 + 0. Suppose r*b - 3*l - 4 = -4*b, 0 = -2*l. Let d(t) = 0 + 0 - 2*t**3 - t**2 + b. Calculate d(1).
-2
Let f(y) be the third derivative of -y**4/12 - 5*y**3/6 + 4*y**2. Give f(-7).
9
Let b(f) = -7*f - 5*f**2 - f**3 + 2*f + 3*f. Give b(-5).
10
Let w = 11 + -11. Let j(v) = -v**2 + 7*v - 13*v + w*v. Suppose -t - 9 = 2*f, 2*t + f + 13 - 1 = 0. What is j(t)?
5
Let p(v) be the third derivative of 0*v**5 + 0*v**3 + 2*v**2 + 0 + 1/24*v**4 + 1/90*v**6 + 0*v. Let i(m) be the second derivative of p(m). Give i(1).
8
Let d = 6 - -2. Suppose -3*o + d = -o. Let v(q) = 5 - q - 3 + 2. Give v(o).
0
Let g(k) = k**2 - 8*k + 1. Let r(c) = 7*c**2 + c + 1. Let v be r(-1). Give g(v).
-6
Let b(h) = h**2 + 4*h + 1. Let t be 3/(-9)*18/2. Give b(t).
-2
Let n(h) = -4 + 0*h + 144*h**3 + h - h**2 - 146*h**3 + 2. Calculate n(-2).
8
Let b(p) = p**2 + 2*p - 4. Let h = 21 - 16. Suppose 0*m + 26 = -2*m - h*l, 0 = 4*l + 16. Give b(m).
-1
Let c(a) = a**3 + a**2 - a - 1. Let b(k) = 6*k**3 + 5*k**2 - 3*k - 8. Let x(r) = -b(r) + 5*c(r). What is x(2)?
-9
Let x(o) = -2*o**2 - 23*o - 3. Let u(n) = -n**2 - 12*n - 1. Let g(s) = -11*u(s) + 6*x(s). Determine g(-5).
-2
Let u = -612 + 608. Let r(q) = -3*q**3 - 4*q**2 - 2*q. Let y(h) = -13*h**3 - 16*h**2 - 9*h - 1. Let x(c) = -9*r(c) + 2*y(c). Calculate x(u).
-2
Suppose 2 = t + 4. Let m(z) be the first derivative of 2*z**3/3 + z**2 + 2*z - 2. Give m(t).
6
Let y = 19/15 + -14/15. Let s(g) be the first derivative of -3/2*g**2 - g - 1 - y*g**3. Calculate s(-3).
-1
Let s = 19 - 24. Let f(k) be the third derivative of -k**6/120 - k**5/12 + k**4/24 + k**3 + k**2. Determine f(s).
1
Suppose -2*x + 2*v = -18, 4*v = -4*x + 5*v + 39. Let i be x/4 + 3/(-2). Let g(q) = 2 + q + q + i. Determine g(-4).
-5
Let c(u) = -3 - 555*u + 279*u + 280*u. Suppose 3*h - 6 = -0. Calculate c(h).
5
Let g(a) = -5*a. Let w = -6 - -12. Let k be 38/w - (-5)/(-15). Let y be ((3 - k)/(-3))/(-1). Calculate g(y).
5
Let g(l) = -5*l - 3 + 4*l + 0. Let h(a) = a**3 + 5*a**2 + 6*a + 3. Let q be h(-4). Let o be ((-4)/q)/((-2)/10). Determine g(o).
1
Let t(o) = -o + 2. Let v(m) = -m. Suppose 2*q - 5*j + 31 = 4*q, -23 = -q - 4*j. Let w = 1 - q. Let z be v(w). Give t(z).
0
Let q(k) = -k**3 - 6*k**2 - k - 3. Let l be q(-6). Suppose -4 = -u - 2. Let m(f) = 4*f**2 + 2 + f + u - 8*f**2 + f**3. Calculate m(l).
-2
Let w(b) = 21*b - 21*b - 1 + b**2. Let a be w(-1). Let v(l) = -l**3 - l**2 + l + 3. Give v(a).
3
Let o(m) = -4*m + 1. Let v(c) = -c + 4. Let t be v(0). Suppose 5*d - t = d. What is o(d)?
-3
Let g(m) = -3*m + 0*m + 0*m - 8. Let o(y) = 4*y - 2. Let i be o(-1). What is g(i)?
10
Let g(j) be the second derivative of -j**5/60 + 3*j**4/8 - 5*j**3/6 - 3*j. Let k(m) be the second derivative of g(m). Give k(6).
-3
Suppose 9 = -2*l + 1. Suppose 1 = u - 1. Let c(d) = 2*d + 3 + u + 0*d. Calculate c(l).
-3
Let p = -35 + 35. Let y(t) be the second derivative of p - 1/12*t**4 - 5/6*t**3 + t + 0*t**2. What is y(-5)?
0
Let z(u) = -13*u**2 - 6*u + 19. Let m(k) = 7*k**2 + 3*k - 10. Let x(q) = -11*m(q) - 6*z(q). Calculate x(3).
14
Suppose j - 4*n = 5*j - 12, 0 = j - 2*n. Let m(c) = 3*c - 3. Calculate m(j).
3
Let c(f) = 2*f - 3*f - 6*f. Let j = 48 - 23. Let s = j - 24. What is c(s)?
-7
Let x(d) = -2*d + 4. Let j(h) = h - 1. Let n(q) = -j(q) - x(q). Suppose 0 = i - 0*i + 11. Let a = i - -16. Give n(a).
2
Let i(j) be the third derivative of -7*j**5/60 - j**4/24 - j**3/6 - j**2. Suppose 3*w = 4*h - 47, 0 = h - 2*w - 0*w - 18. Let g = -9 + h. Calculate i(g).
-7
Let n(r) = r**2 + 1. Let u(t) = t**3 + t**2 + t + 5. Let v be u(0). Suppose 1 = -b + 2. Suppose -2*s + 2*k = -3*s + b, 5*s = 2*k + v. Calculate n(s).
2
Let i(k) = -3*k + 1. Suppose s + 16 = -3*t + 5, -t = 3. What is i(s)?
7
Let f = -1 + -4. Let w = 7 + f. Let y(n) be the third derivative of n**6/120 - n**5/12 + n**4/6 - n**3/3 + 3*n**2. Calculate y(w).
-6
Let o(y) = -2*y**2 + 2*y + 1. Let b = 3 - 6. Let j(k) = -k**2 - 2*k + 2. Let u be j(b). Calculate o(u).
-3
Let m(t) = 2*t + 38. Let a be m(-19). Let d(v) = v - 8. Calculate d(a).
-8
Suppose -2 - 18 = -5*t. Let x(d) be the third derivative of -5/24*d**4 - 1/3*d**3 + 1/60*d**5 + 0*d + 0 + 4*d**2. What is x(t)?
-6
Let a(z) = z**2 - 3*z - 2. Let y(j) = -j + 11. Let s be y(8). Calculate a(s).
-2
Let j(u) = u**2 + 5*u - 1. Suppose 0*s = 3*s - 39. Let a(y) = 3*y + 3*y - 6*y + s - 2*y. Let d be a(9). Determine j(d).
-1
Let k be (-12)/42 + (-4)/(-14). Suppose -2*v + 3 - 1 = k. Let i(s) = 3*s**2 - 2*s - s**2 + 0 + v + 2. What is i(2)?
7
Suppose 2*a + 0 = 8. Suppose -p + 1 = 0, 3*s - 2*p - 11 + a = 0. Let r(h) = -4*h**2 + h**3 + 2*h**2 - s*h**2 + 1 + h. What is r(5)?
6
Let h = -1 - -1. Let u(p) = 0 - 2*p - 1 + h*p. Let j = -14 - -9. Determine u(j).
9
Let r(w) = -4*w**2 - w + 1. Let t be r(1). Let y = -4 + 6. Let q(o) = 2 + 3*o - 6*o + y*o - 9. What is q(t)?
-3
Let b(k) = -k**2 + k + 3. Suppose -q = 5*r, -r + 0*q + 4 = q. Let i be r/(1/2) + 2. Wha